{"id":197,"date":"2018-04-25T13:08:46","date_gmt":"2018-04-25T13:08:46","guid":{"rendered":"http:\/\/mobitcar-ostalb.de\/?page_id=197"},"modified":"2020-04-18T15:10:22","modified_gmt":"2020-04-18T15:10:22","slug":"qualifikationen","status":"publish","type":"page","link":"http:\/\/mobitcar-ostalb.de\/?page_id=197","title":{"rendered":"QUALIFIKATIONEN \/ AUSZEICHNUNGEN"},"content":{"rendered":"\t\t<div data-elementor-type=\"wp-page\" data-elementor-id=\"197\" class=\"elementor elementor-197\">\n\t\t\t\t\t\t<section class=\"elementor-section elementor-top-section elementor-element elementor-element-74c345e4 elementor-section-boxed elementor-section-height-default elementor-section-height-default\" data-id=\"74c345e4\" data-element_type=\"section\" data-e-type=\"section\">\n\t\t\t\t\t\t<div class=\"elementor-container elementor-column-gap-default\">\n\t\t\t\t\t<div class=\"elementor-column elementor-col-100 elementor-top-column elementor-element elementor-element-22cbb3e1\" data-id=\"22cbb3e1\" data-element_type=\"column\" data-e-type=\"column\">\n\t\t\t<div class=\"elementor-widget-wrap elementor-element-populated\">\n\t\t\t\t\t\t<div class=\"elementor-element elementor-element-64b9c7e2 elementor-widget elementor-widget-text-editor\" data-id=\"64b9c7e2\" data-element_type=\"widget\" data-e-type=\"widget\" data-widget_type=\"text-editor.default\">\n\t\t\t\t<div class=\"elementor-widget-container\">\n\t\t\t\t\t\t\t\t\t<div>Erfolgreich abgeschlossene Zertifizierungen \/ Weiterbildungen im Bereich Microsoft:<\/div><div>\u00a0<\/div><ul><li>Microsoft Certified IT Professional Enterprise Administrator (MCITP EA)<\/li><li>Microsoft Certified Technology Specialist, Windows 7, Configuration (MCTS)<\/li><li>Microsoft Certified Technology Specialist, Windows Server 2008 Applications Infrastructure, Configuration (MCTS)<\/li><li>Microsoft Certified Technology Specialist, Windows Server 2008 Network Infrastructure, Configuration (MCTS)<\/li><li>Microsoft Certified Technology Specialist, Windows Server 2008 Active Directory, Configuration (MCTS)<\/li><li>Microsoft Certified Technology Specialist for System Center Configuration Manager 2007 (MCTS)<\/li><li>Linux Essentials (LPI \u2013 Linux Professional Institute)<\/li><li>Campus Connect Project Package Business Process Management (Software AG)<\/li><\/ul><p>\u00a0<\/p><p>Beim stAArt-UP Wettbewerb der Hochschule Aalen &#8211; Technik und Wirtschaft wurde Mobitcar mit dem 1.Platz in der Kategorie Renditek\u00f6nig ausgezeichnet.<\/p><p><img fetchpriority=\"high\" decoding=\"async\" class=\"alignnone wp-image-152\" src=\"http:\/\/mobitcar-ostalb.de\/wp-content\/uploads\/2018\/04\/Auszeichnung-300x192.jpg\" alt=\"\" width=\"618\" height=\"395\" srcset=\"http:\/\/mobitcar-ostalb.de\/wp-content\/uploads\/2018\/04\/Auszeichnung-300x192.jpg 300w, http:\/\/mobitcar-ostalb.de\/wp-content\/uploads\/2018\/04\/Auszeichnung-768x492.jpg 768w, http:\/\/mobitcar-ostalb.de\/wp-content\/uploads\/2018\/04\/Auszeichnung-1024x656.jpg 1024w, http:\/\/mobitcar-ostalb.de\/wp-content\/uploads\/2018\/04\/Auszeichnung.jpg 1274w\" sizes=\"(max-width: 618px) 100vw, 618px\" \/><\/p><p>\u00a0<\/p><p>Genau Informationen finden Sie unter:<\/p><p><a href=\"https:\/\/www.schwaebische.de\/landkreis\/ostalbkreis\/aalen_artikel,-gr%C3%BCndergeist-auf-die-ostalb-holen-_arid,10787166.html\">https:\/\/www.schwaebische.de\/landkreis\/ostalbkreis\/aalen_artikel,-gr%C3%BCndergeist-auf-die-ostalb-holen-_arid,10787166.html<\/a><\/p><p>\u00a0<\/p><p>Interview mit stAArt-UP der Hochschule Aalen und Mobitcar:<\/p><p><a href=\"https:\/\/www.hs-aalen.de\/de\/news\/2333\">https:\/\/www.hs-aalen.de\/de\/news\/2333<\/a><\/p><p>\u00a0<\/p><p>Ver\u00f6ffentlichungen im Forschungsbereich:<\/p><ul><li><strong>2014 | Big Data as Strategic Enabler &#8211; Insights from Central European Enterprises<\/strong><br \/>Schmidt, Rainer; M\u00f6hring, Michael; Maier, Stefan; Pietsch, Julia; H\u00e4rting, Ralf-Christian: Big Data as Strategic Enabler &#8211; Insights from Central European Enterprises. In: Abramowicz, W., Kokkinaki, A. (Hrsg.). 17th International Conference on Business Information Systems (BIS). Springer Lecture Notes in Business Information Processing 176. Larnaca, Cyprus. S. 50-60.<\/li><\/ul><ul><li><strong>2014 | Forensic Accounting &#8211; Potenziale von Big Data und Predictive Analytics im Rahmen der IT Governance<\/strong><br \/>Schmidt, Rainer; M\u00f6hring, Michael; Rieg, Robert; Maier, Stefan; Walsh, Gianfranco; H\u00e4rting, Ralf-Christian: Forensic Accounting &#8211; Potenziale von Big Data und Predictive Analytics im Rahmen der IT Governance. In: Lecture Notes Informatics, Springer, forthcoming.<\/li><\/ul><ul><li><strong>2013 | Public-Cloud-Angebote: Kostenorientierte Entscheidungskriterien f\u00fcr kleine und mittlere Unternehmen<\/strong><br \/>M\u00f6hring, Michael; Koot, Christian; Schmidt, Rainer; Maier, Stefan: Public-Cloud-Angebote: Kostenorientierte Entscheidungskriterien f\u00fcr kleine und mittlere Unternehmen. In: Controlling \u2013 Zeitschrift f\u00fcr erfolgsorientierte Unternehmenssteuerung. 25. Jahrgang 2013, Nr. 11, S. 619-624.<\/li><\/ul><ul><li><strong>2013 | Big Data &#8211; Implikationen f\u00fcr die Betriebswirtschaft<\/strong><br \/>M\u00f6hring, Michael; Schmidt, Rainer; Maier, Stefan; Ke\u00dfler, Nadine: Big Data &#8211; Implikationen f\u00fcr die Betriebswirtschaft. In: WiSt &#8211; Wirtschaftswissenschaftliches Studium &#8211; Zeitschrift f\u00fcr Studium und Forschung. 42. Jahrgang 2013, Nr. 8, S. 456-458.<\/li><\/ul><ul><li><strong>2013 | HOW BIG DATA TRANSFORMS THE IT DEPARTMENT TO A STRATEGIC WEAPON<\/strong><br \/>M\u00f6hring, Michael; Schmidt, Rainer; Wolfrum, Nadja; Kammerer Marina; Maier, Stefan; H\u00f6ritz, Sven: HOW BIG DATA TRANSFORMS THE IT DEPARTMENT TO<br \/>A STRATEGIC WEAPON. In: Proceedings of the IADIS International Conference Information Systems 2013, Lisbon, S. 323-326.<\/li><\/ul>\t\t\t\t\t\t\t\t<\/div>\n\t\t\t\t<\/div>\n\t\t\t\t\t<\/div>\n\t\t<\/div>\n\t\t\t\t\t<\/div>\n\t\t<\/section>\n\t\t\t\t<\/div>\n\t\t","protected":false},"excerpt":{"rendered":"<p>Erfolgreich abgeschlossene Zertifizierungen \/ Weiterbildungen im Bereich Microsoft:\u00a0 Microsoft Certified IT Professional Enterprise Administrator (MCITP EA) Microsoft Certified Technology Specialist, Windows 7, Configuration (MCTS) Microsoft Certified Technology Specialist, Windows Server&hellip;<\/p>\n","protected":false},"author":1,"featured_media":0,"parent":0,"menu_order":4,"comment_status":"closed","ping_status":"closed","template":"","meta":{"footnotes":""},"class_list":["post-197","page","type-page","status-publish","hentry","no-post-thumbnail"],"_links":{"self":[{"href":"http:\/\/mobitcar-ostalb.de\/index.php?rest_route=\/wp\/v2\/pages\/197","targetHints":{"allow":["GET"]}}],"collection":[{"href":"http:\/\/mobitcar-ostalb.de\/index.php?rest_route=\/wp\/v2\/pages"}],"about":[{"href":"http:\/\/mobitcar-ostalb.de\/index.php?rest_route=\/wp\/v2\/types\/page"}],"author":[{"embeddable":true,"href":"http:\/\/mobitcar-ostalb.de\/index.php?rest_route=\/wp\/v2\/users\/1"}],"replies":[{"embeddable":true,"href":"http:\/\/mobitcar-ostalb.de\/index.php?rest_route=%2Fwp%2Fv2%2Fcomments&post=197"}],"version-history":[{"count":35,"href":"http:\/\/mobitcar-ostalb.de\/index.php?rest_route=\/wp\/v2\/pages\/197\/revisions"}],"predecessor-version":[{"id":358,"href":"http:\/\/mobitcar-ostalb.de\/index.php?rest_route=\/wp\/v2\/pages\/197\/revisions\/358"}],"wp:attachment":[{"href":"http:\/\/mobitcar-ostalb.de\/index.php?rest_route=%2Fwp%2Fv2%2Fmedia&parent=197"}],"curies":[{"name":"wp","href":"https:\/\/api.w.org\/{rel}","templated":true}]}}